) a prime number?
False
Let s(u) = 131*u**2 - u + 97*u**2 + 141*u**2 - 1. Let b(d) = d**3 + 10*d**2 + 14*d - 15. Let z be b(-8). Is s(z) prime?
True
Is (-3)/((-4)/(-62576)*-4) a prime number?
False
Suppose -45*z = -43*z - 8. Is (-37785)/(-60) + (-3)/z a prime number?
False
Let b(k) = 67*k**2 - 160*k + 39. Is b(8) a prime number?
False
Let a(r) be the third derivative of -r**4/6 + r**3/2 + 20*r**2. Let d be a(1). Is d*1*(-13678)/14 prime?
True
Let l = 8303 + -5145. Suppose -19322 = 4*n - l. Let a = -2560 - n. Is a a composite number?
False
Let s(z) be the third derivative of 7*z**4/24 + 15*z**3/2 - 48*z**2. Is s(22) a prime number?
True
Suppose 4*w + 40 = 3*n, 3*w = -w + 20. Suppose -3*x + 10 = -5, -t + n = 4*x. Suppose t = -23*y + 25*y - 446. Is y a composite number?
False
Let f be 5097 + -4 + (-9 - -4). Suppose m = -397 + f. Is m a composite number?
False
Let t be (-4)/8 + 2106/12. Let d = 914 - t. Is d a composite number?
False
Suppose 93082 = -16*v + 446762. Suppose -18914 = -11*n + v. Suppose -11*m + n = -9988. Is m a composite number?
True
Suppose -29*o + 13*o + 21088 = 0. Suppose -65 = -3*z + 175. Is (o/(-4) - 0)/((-40)/z) prime?
True
Suppose 2*t - 2 = 38. Let b = -3 + t. Let f = b + -6. Is f composite?
False
Suppose -x + 2*t + 10178 = -8537, -2*x = 2*t - 37394. Is x prime?
False
Let s = -45 - -49. Suppose -s*o + 3448 = -m, 4*o - 2620 - 840 = 4*m. Suppose -5*q + o + 50 = 2*b, 5*b = -2*q + 2309. Is b a prime number?
True
Suppose 5*r + 6 + 3 = -2*p, -2*p = -3*r + 1. Let c be (-21372)/(-6) + (1 - p)/1. Let a = 5130 - c. Is a composite?
True
Let f(s) = -2*s + 8*s**3 - 25*s**3 + 5 - s**2 + s. Let g be f(2). Let j = -82 - g. Is j a prime number?
False
Let j = 45 - 102. Let v = 47 + j. Let s(a) = 13*a**2 - 9*a + 9. Is s(v) a prime number?
True
Let j = 2419 - 2008. Is j a composite number?
True
Let v = -7951 + 13705. Suppose 3*l + 8*c - 5*c - 3450 = 0, 5*l + c = v. Is l a prime number?
True
Suppose -39176633 = -307*m + 78*m. Is m composite?
False
Let d(s) = -5*s**3 - 2*s**2 - 10*s + 4. Suppose 5*m = k + 33, -2*m + 5 = -k - 4*m. Is d(k) prime?
True
Suppose 34133 = 5*j - 16*j. Let v = 7862 + j. Is v a prime number?
True
Let o = 2181 + 740. Let m = o + -162. Is m a composite number?
True
Suppose -3*f + 0*f - 222 = 3*z, 5*z + 3*f = -368. Let r(l) = -9*l - 482. Let k be r(-45). Let c = z - k. Is c a composite number?
True
Suppose 0 = -f - 5, -2*t - 3*f - 1 = 4. Let w(y) = 1278*y - 5. Is w(t) a prime number?
False
Suppose 4*r = 5*x + 17935 + 8957, 13472 = 2*r + 4*x. Let n = r - 1561. Is n a composite number?
False
Let g = 90 - 82. Suppose -g*t = -7*t. Suppose -c + 381 = -t*c. Is c prime?
False
Suppose 159534 = -7230*j + 7239*j. Is j a composite number?
True
Let i be (9/(-18))/((-2)/108). Suppose f - 66 = i. Suppose 11 = -t + f. Is t prime?
False
Let g(w) = w**3 - 8*w**2 + 5*w - 10. Let b be g(8). Suppose -2*j + 40 = b. Let f = 18 - j. Is f a composite number?
False
Let y be (1/2)/(3/(-126)*-7). Is (0 + (y - 4))*(-2 - 497) prime?
True
Let a(b) be the first derivative of b**3/3 - 5*b**2 - 94*b + 88. Is a(-7) a composite number?
True
Suppose 2*u + 14*u = -64544. Let n = -1797 - u. Is n prime?
True
Suppose 4*t = 710 - 278. Suppose 10*m - 4*m = t. Is (-5806)/(-6) + m/(-27) a composite number?
False
Suppose 2*t + 5*x = -22226, -5*x - 20 = -0. Let r = 19616 + t. Is r a composite number?
False
Suppose -19*r + 141665 = 10*r. Is r composite?
True
Suppose -n + 4*k - 2*k + 39299 = 0, -n + 5*k + 39284 = 0. Is n a prime number?
False
Suppose -28*y = -28*y + 29*y - 6425443. Is y prime?
True
Suppose 0 = -2*n, 2*b - 84798 - 137816 = -0*b + n. Is b prime?
False
Let j = -290 - -306. Let q(h) = 617*h + 27. Is q(j) a composite number?
True
Let u(p) = 5*p - 2. Let t be u(-7). Let w = t - -45. Let q(f) = 22*f - 15. Is q(w) a composite number?
True
Suppose 250*u - 19839338 - 5756911 = -149*u. Is u composite?
False
Suppose 1191115 + 3026365 = 40*b. Is b prime?
True
Let g be (-2)/(-13) - ((-271)/13 + 7). Suppose -p - 36143 = -5*f, -g*p = f - 12*p - 7233. Is f composite?
False
Suppose 5631580 = 15*r + 9*r - 4*r. Is r a composite number?
False
Let v = -15 - -22. Suppose v*f = 44 + 18555. Is f a composite number?
False
Suppose -103*k - 13037271 = -9365149 - 32638503. Is k composite?
False
Let d(m) = 59*m**2 - 67*m - 101. Is d(-17) composite?
False
Suppose -908*n + 911*n - 3*f - 543465 = 0, 0 = -4*n + 3*f + 724622. Is n composite?
False
Is ((-6)/(-4))/((378/(-1104723))/14)*-2 prime?
False
Let r(f) be the first derivative of f**2 + 2*f - 574. Suppose -3*d + 39 = 4*g, -2*g + 0*d = -2*d - 30. Is r(g) composite?
True
Let i(u) = 3*u**2 - 5*u + 12. Let f = -47 - -42. Let p(s) = 3*s + 8. Let q be p(f). Is i(q) a prime number?
False
Suppose 0 = 20*o - 5*o - 1103715. Is o a prime number?
False
Let k(b) be the first derivative of b**4/4 + 10*b**3/3 - b**2 - 13*b - 12. Let n be k(-8). Suppose -5*v = -4*v - n. Is v composite?
False
Suppose -4*c + 2*z = 4*z + 30, 0 = -4*z - 12. Let m(s) = 2*s + 18. Let h be m(c). Suppose -2*n = -h*n + 4156. Is n composite?
False
Let q = 4440 + 24876. Let l = q + -18905. Is l a composite number?
True
Let s be 0 - (18/4 + 9/(-18)). Is 2 + 186*(-158)/s composite?
False
Suppose 0 = 5*f + 5, -76*j + 80*j - 2*f = 1250694. Is j a composite number?
False
Let m = -402 + 825. Suppose -3*j + m = -24. Is j a prime number?
True
Let l(z) = 8*z + 9. Let n be l(-2). Let v(j) = -2*j - 9. Let s be v(n). Suppose -s*x - 1508 = -5613. Is x a prime number?
True
Let j(i) = 19*i**2 - 89*i + 45. Suppose -3*m + 18 + 63 = -5*f, 4*m - 82 = -2*f. Is j(m) composite?
False
Let n be 1/2*-6 - (-1 - 0). Let j be 3 + -8*(91/(-2) + n). Let c = -264 + j. Is c composite?
True
Let i(h) = 2*h + 15. Let p be i(-6). Let d be (p - 8/2)/(3/6). Let b(c) = -1167*c - 1. Is b(d) prime?
True
Let p = -11543 - -20440. Suppose 13625 + p = 2*i. Is i a prime number?
True
Let h be 25/(-75) + (-70)/(-3) + 0. Suppose -h*o + o + 67342 = 0. Is o prime?
True
Let v = -16826 + 45511. Is v composite?
True
Suppose -3*u + u = -6. Let n(c) = -c**3 - 145*c**2. Let y be n(-145). Suppose -4*j - u*f = -1481, y*j - 3*f = 3*j - 1110. Is j a composite number?
True
Suppose y - 2*y + 5*m + 27133 = 0, -4*m = -8. Is y prime?
True
Is (-7 + 203796/(-60))/(16/(-40)) composite?
True
Let z = -67 + 111. Suppose 5*n - 56 - z = 0. Is 10535/n - 1/(-4) a prime number?
False
Suppose 13*k - 32944 = 104713. Is k prime?
True
Is (-9 - 31514076/(-60)) + 4/(140/49) a composite number?
True
Is (1/(-3 - (-56)/19))/((-12)/44628) a prime number?
False
Suppose -83598 = -2*c - 4*k, -44126 = -2*c - 5*k + 39470. Is c a composite number?
True
Let m(q) = q - 2. Let x be m(2). Let d(a) = -a**2 - 31*a - 49. Let n be d(-12). Suppose -4*y + 4*t = -x*y - 340, 0 = 2*y - 5*t - n. Is y prime?
False
Suppose 104*m = 58*m + 4786714. Is m composite?
False
Let k(j) = -415*j**3 - 3*j**2 + 40*j - 31. Is k(-8) prime?
False
Let j(i) = 10616*i**2 + 357*i - 1987. Is j(6) composite?
False
Suppose -121*i + 2816296 = -65*i. Is i prime?
True
Let v = -35 + 38. Let l be (6/v)/((-4)/44). Is l/(-66) + (-1442)/(-3) composite?
True
Let c = -310 + 157. Let d = c - -534. Is d composite?
True
Let y(w) = 25*w**2 + 21*w + 3. Let n = 83 - 77. Let t be y(n). Let p = t + 152. Is p a composite number?
False
Suppose 10*r - 3*x - 43843 = 9*r, -4*x + 43843 = r. Is r a composite number?
True
Let q = -23 + 24. Is q/2*6556/11 a prime number?
False
Let g be (2 - 66/11) + 0 + 27. Suppose -57109 = -36*y + g*y. Is y prime?
False
Is (-1 + -29083)*(-31 + 3) + 5 prime?
False
Let w(n) = -583*n**3 - n**2 - 3*n - 2. Let f be -1 - (-3 + 4 + -1). Is w(f) a composite number?
True
Suppose -24*l = -l - 40112. Let z = 541 + l. Is z prime?
False
Suppose 35 = 4*f + 27. Let p be -2 + (2 - 3) + f*42. Suppose -2483 = -4*o + p. Is o composite?
False
Suppose -2*g - 50 + 0 = 0. Let s = -17 - g. Suppose -4*z = -s*z + 348. Is z prime?
False
Let t(j) = -2226*j + 225. Let k(v) = 2*v**3 + 9*v**2 - 19*v - 17. Let r be k(-6). Is t(r) a composite number?
True
Let f(v) be the first derivative of v**5/30 - v**4/24 + v**3/2 - v**2 - 15. Let t(c) be the second derivative of f(c). Is t(4) composite?
False
Is 9/(1089/(-1111)) - -9 - 2815551/(-11) prime?
False
Let d(z) = -2*z**3 - 2*z**2 - 5*z - 2. Let v = -303 + 298. Is d(v) prime?
True
